w(s) = 2*s**2 + 51*s + 211. Let i be w(-5). Let j(p) = -21 + 28 - 15 - 2*p + 3*p. What is j(i)?
-2
Let h(w) = 7*w - 64. Suppose 4925 = 337*u - 2152. What is h(u)?
83
Let m(y) = -2*y**3 - 13*y**2 - 10*y + 7. Let k(w) = -3*w**3 - 15*w**2 - 11*w + 6. Let x(h) = -3*k(h) + 4*m(h). What is x(8)?
18
Let i(f) = -8 + 21*f - 29 - 40842*f**2 - f + 40844*f**2 - 4*f. Calculate i(-10).
3
Let a(f) = -f**2 - 6*f + 4. Let h(b) be the first derivative of 0*b**2 + 8/3*b**3 - 5*b - 1/4*b**4 + 2. Let n be h(8). Calculate a(n).
9
Let o(g) = -42*g + 1093. Let x be o(26). Let r(l) = 2*l**2 - l + 3. Calculate r(x).
4
Let n(i) be the first derivative of 0*i + 1/3*i**3 + 1/2*i**2 - 49 - 7/4*i**4. Let v(w) = w**3 - 13*w**2 - 15*w + 13. Let p be v(14). Determine n(p).
7
Let z = -2 - -4. Let b(w) = -3*w + 5. Let s be 40/7 + 12/42. Let u(f) = -2*f + 4. Let i(x) = s*b(x) - 7*u(x). What is i(z)?
-6
Let t(i) = 66*i + 2 + 4 + 63*i - 127*i - 5. Let j = -3 + 2. Give t(j).
-1
Suppose 4*m = 8, -14 = 3*z - 2*m - 2*m. Let f be z/4 + 10/4. Let u(y) = -3*y - 1 + 4 + f*y - 5*y - y**2. Determine u(-5).
8
Let f(v) = -5*v + 62. Suppose 2*y - i - 22 = 0, 0 = -876*y + 880*y - 5*i - 32. Determine f(y).
-3
Let b(t) be the third derivative of -t**6/180 + t**5/60 - t**4/8 - 119*t**3/6 - 74*t**2. Let f(d) be the first derivative of b(d). Let a = 2 + 0. What is f(a)?
-7
Let c(z) = -9*z + 83. Let t be (62 - 66) + (10 - -2). Give c(t).
11
Let k(b) = -9*b**3 - 2*b**2 - b. Let p be k(-1). Let s be -10*(4/p)/1. Let t(j) = -j**3 - 4*j**2 + 5*j + 5. Calculate t(s).
5
Let b be -5 + 272/((-4)/2 - -3). Suppose -b*g + 8 = -266*g. Let f(q) = -q**3 + 8*q**2 + 3. Determine f(g).
3
Let q(i) = 0*i + 10 - 3 + 0*i + 2*i. Let d be -15 + (7 - -4 - 4) - 2. What is q(d)?
-13
Let n(o) = -5*o**3 - 2*o**2 + 10*o + 6. Let k(b) = 13*b**3 + 6*b**2 - 26*b - 17. Let j(r) = 3*k(r) + 8*n(r). Suppose -5*u - 2 - 13 = 0. Give j(u).
36
Suppose -26 = p - 26. Let z(x) = 19*x**2 - 6*x - 18. Let o(t) = 23*t**2 - 7*t - 18. Let j(r) = 5*o(r) - 6*z(r). What is j(p)?
18
Let p be (-70)/(-6) - (-6)/18. Suppose 7*i + p = i. Let m be ((2 - 2) + 4)*i. Let t(g) = -g**3 - 9*g**2 - 8*g - 2. Determine t(m).
-2
Let n(l) = -12*l - 837 - 2*l**2 + 416 + 403. Give n(-6).
-18
Let y = 44 - -117. Suppose 11 - y = -15*g. Let b(l) = l**3 - 9*l**2 - 12*l + 19. What is b(g)?
-1
Let n(c) = 2*c + 1. Let v(q) = 9*q - 19. Let x be v(6). Suppose -15 = -25*h + x. What is n(h)?
5
Let t(l) = -20*l + 76. Let j be t(4). Let r be j - (6/10 + (-117)/45). Let v(u) = -5*u. Let i(f) = -5*f + 1. Let b(a) = -3*i(a) + 4*v(a). Determine b(r).
7
Let p(i) = -4*i**2 + 3*i + 2. Suppose 4*j - 14 = -3*o, 726*j = -5*o + 731*j. Calculate p(o).
-8
Let a(n) = 3*n**2 - 8*n + 8. Let q(k) = 4*k**2 - 6*k + 3. Let x(h) = -3*a(h) + 2*q(h). Determine x(11).
-7
Let t(l) = -2*l - 8. Let j be t(-6). Suppose -1027 + 217 = -18*o. Let v(w) = w**2 - o*w + 6 - 12*w + 51*w. Calculate v(j).
-2
Let b(w) = -41*w**2 + 4*w**2 + 13*w**2 + 16*w**2 + 7*w**2. Suppose 3*y = 11 + 10. Let v(q) = q - 7. Let r be v(y). Determine b(r).
0
Let m(f) = 1 - 2*f**2 + 3*f**2 + f - 3 - 8*f. Suppose -5*w + 110 - 99 = 2*j, 5*j - 37 = -3*w. What is m(j)?
6
Suppose 12*s + 2078 = 2018. Let i(y) be the second derivative of y**5/20 + 5*y**4/12 - y**3/6 - 3*y**2 - 3*y. Determine i(s).
-1
Suppose -2*n + 42 = 2*s - 0*n, -79 = -4*s - 5*n. Suppose -s*p - 13 = 39. Let i(z) = 2*z**3 + 2*z**2 - z - 2. What is i(p)?
-8
Suppose 16*f - 7 = 15*f. Let t = f - 12. Let y(g) = g**3 + 4*g**2 - g + 5. Let k(c) = 2*c**3 + 9*c**2 - 3*c + 11. Let z(d) = t*y(d) + 2*k(d). What is z(-3)?
9
Suppose 6*r = -20*r + 7956. Let h = r + -312. Let j(m) = 1 + 6 + 9*m + 3*m**2 - 2*m**2. Determine j(h).
-11
Let w(r) be the first derivative of r**3 + 11*r**2 - 4*r + 360. Calculate w(-8).
12
Let h = -105 + 110. Let t(n) be the second derivative of n**4/12 - n**3 + 2*n**2 + 43*n. Give t(h).
-1
Let i(b) = -2*b**3 - b - 1. Suppose 0 = -2*t + 6, -h + 21 = 4*t + 7. Let a be h/13 + (-296)/(-104) - 4. Give i(a).
2
Suppose -2*c + 10*t - 7*t = -10, -2*c - 4*t - 4 = 0. Let a(w) = -6 + 18*w + 4 - 16*w + w**c. What is a(2)?
6
Let l(i) = i**3 + 12*i**2 + 10*i + 4. Let u(m) = -m - 59. Let o be u(-48). Give l(o).
15
Let l(n) = 23 - 11 + 2*n**2 + 379*n + 7 - 419*n. Determine l(19).
-19
Let b(k) = 62*k**2 - 20*k + 45. Let r(y) = 10*y**2 - 3*y + 7. Let j(v) = -6*b(v) + 39*r(v). Determine j(-2).
69
Let p(m) = -4*m + 17. Let i be -2 + 9 + 130/(-10). Calculate p(i).
41
Let s(d) = -7*d + 71. Let g(f) = -3*f + 32. Let t(m) = -13*g(m) + 6*s(m). Give t(-3).
19
Let y be -18 + 3/2*(-10)/(-15). Let o = y - -26. Let k(h) = o - 1 - 2*h - 9. Give k(-4).
7
Let z(x) = 286 - 3*x - 595 + 309. Suppose 0 = -2*s - 3*s. Suppose -3*g + i - 7 = s, 4*i = -5*g + i - 21. What is z(g)?
9
Let j be 489/12 + (-55)/(-44). Let u(b) = j + 59*b - 19 - 64*b - 28. Suppose -3*k + 14 = -1. Calculate u(k).
-30
Let i(s) be the third derivative of 0*s**4 + 0 + 1/60*s**5 + 0*s - 5/6*s**3 + 91*s**2. What is i(-4)?
11
Let b(f) = -2*f**3 - f**3 + 4*f**3. Suppose -15 = -7*n + 13. Suppose 0 = 10*z + n*z + 27*z. Determine b(z).
0
Let c(q) = 446*q**2 + 4*q**3 + 6*q - 433*q**2 - 258 + 290 - 3*q**3. Calculate c(-13).
-46
Let v(d) = -11*d**2 + 45*d - 1. Let r(m) = -m**2 + 4*m. Let k(i) = 10*r(i) - v(i). Suppose -5*u + 1 = -24. Determine k(u).
1
Let l(o) = 5*o + 78 - 1209*o**3 + 1208*o**3 + 3*o + 0*o - 7*o**2 - 2*o. Calculate l(-6).
6
Let i = -84 + 90. Suppose i*q - 26 = q - 3*v, 2*q = 4*v. Suppose -2*z - 10 = 2*h + 2, 10 = -q*z + 3*h. Let m(t) = t**2 - 3. Give m(z).
13
Let r(c) be the first derivative of -c**5/60 + c**3/3 + 7*c**2/2 + 66. Let w(n) be the second derivative of r(n). Calculate w(-2).
-2
Let c(r) = -15*r**2 - r + 1. Let d(i) = -31*i**2 - 5*i + 1. Let a(o) = 6*c(o) - 3*d(o). Calculate a(-2).
-3
Let m(z) = -z**2 + 17*z - 7. Let x(r) = r**2 - 12*r + 5. Let b(k) = -3*m(k) - 4*x(k). Give b(-2).
3
Let r(j) = -3*j**3 - 6*j**2 - 6*j - 2. Let p(o) = 16*o**3 + 30*o**2 + 31*o + 11. Let t(z) = -2*p(z) - 11*r(z). Suppose -18*d = -76*d - 232. Give t(d).
16
Let p = 6341 - 6343. Let x(u) = u**2 + 7*u + 9. Give x(p).
-1
Let k = -134 - -298. Suppose 2*j = k - 150. Let i(t) = t**3 - 8*t**2 + 7*t + 8. Calculate i(j).
8
Let h be (-12)/(-15)*50/(-4). Let s(p) be the first derivative of p**4/4 + 4*p**3 + 19*p**2/2 - 5*p + 828. What is s(h)?
5
Let x(y) = y**3 + 5*y**2 + 2*y - 7. Let w(f) = -f**3 - 16*f**2 + 13*f - 4. Let l be w(-17). Suppose 0 = 6*d + l - 34. Give x(d).
-17
Suppose -x + 13*c - 18*c = 16, 3*x - 4*c = 28. Let v(f) = -3*f**2 + 14*f - 1. Give v(x).
7
Let h(a) = -a + 25. Let w be h(11). Let v be (-40)/(-30)*(0 - -9). Suppose 0 = v*j - w*j. Let z(p) = p**3 - p + 11. What is z(j)?
11
Suppose 215*t - 220*t - 25 = 0. Let o(y) = y**2 - 5*y - 15. What is o(t)?
35
Suppose -3*p - 4*o = -14, 2*o - 16 = -3*p - 3*o. Suppose -p*f = 3*a + 11 - 2, -a - 31 = 3*f. Let s(n) = -n**3 - 13*n**2 - 12*n - 9. Determine s(f).
-9
Suppose -s + 38 = 2*t, -2*t - 4 = -2*s - 48. Suppose -4*y + t = -8. Let j(w) = -8 - 7 + y - w. Determine j(-6).
-2
Let m be (6/4)/(3/4). Let r(g) = m*g - 8 - 2 + 0*g. Let n = -414094 - -414101. What is r(n)?
4
Let p(h) = -15*h + 5. Suppose -340*w + 15 = -335*w. What is p(w)?
-40
Let r(z) = 740*z - 1471. Let m be r(2). Let k(o) = 27*o - 253. Calculate k(m).
-10
Let f(p) = -16*p + 196. Let u be f(12). Suppose u*k + 4*l = 40, -2*k = -34*l + 32*l. Let j(w) = 0*w + 0*w - w. What is j(k)?
-5
Let o(k) = k**2 - 4*k - 54. Let l be o(9). Suppose -9*x = -10 - 17. Let t(q) = -2*q**x + 2*q**2 - 11*q - 3*q**3 + 4*q**3 - 12*q**2 - 12. Give t(l).
6
Let i(a) be the first derivative of -16*a**2 + 17*a + 7414. Calculate i(1).
-15
Let l(a) be the first derivative of a**5/30 + a**3/3 - 15*a**2 - 29. Let p(f) be the second derivative of l(f). Let u be (-9)/6 + 1/(-2). Give p(u).
10
Let z(o) be the second derivative of 5*o**3/3 - 12*o**2 + o - 154. Calculate z(3).
6
Let g(k) = -k**3 - 11*k**2 - 4*k + 4. Let p be g(-11). Let u(c) = 17*c + 12*c**2 + c**3 + 18*c + 9 - p*c. Calculate u(-13).
9
Let f(o) = o**3 - 6*o**2 + 2*o - 4. Let h(m) = 2*m - 9. Let w be h(-11). Let u = w + 37. Let p = 0 + u. Give f(p).
8
Let i(c) = -4*c**2 - 3*c + 4. Let v(h) = -13*h**2 - 9*h - 72. Let f(b) = 3*i(b) - v(b). Determine f(0).
84
Let m(a) = a - 2. Let s(y) = y**3 + 8*y**2 + y 